greatest common factor of u and 27.
27
Let n(j) = -j**3 + 7*j**2 + 8*j + 3. Let l be n(8). Suppose 279*u = 240*u + 117. What is the greatest common factor of u and l?
3
Let y(c) = 39*c - 5. Let u(a) = 10*a - 1. Let f(w) = 26*u(w) - 6*y(w). Suppose 6 = 11*x - 8*x. Let n be f(x). Calculate the highest common divisor of n and 7.
7
Let n = -597 - -627. Suppose 4*q + 0*q - 1080 = 0. Calculate the highest common divisor of n and q.
30
Suppose -2*v = 0, -2*v + 3*v = -4*x + 148. Let s be 0 + x + (13 + -4)/(-3). Let k be 1/3 - 304/(-6). What is the greatest common divisor of k and s?
17
Suppose 11*z + 875 = 6*z. Let h be ((-9)/(-15))/((-5)/z). What is the greatest common divisor of h and 42?
21
Let h be 31602/78 - 6/39. What is the highest common factor of h and 45?
45
Let m be 1 + 0 + 1 - 5. Let q be ((-2)/(-3))/(m/(-90)). Let x(b) = b**2 - 2*b - 225. Let v be x(17). Calculate the highest common factor of q and v.
10
Let y = -164 + 317. What is the greatest common factor of 85 and y?
17
Suppose 0 = -0*p + 3*p - 60. Suppose 4*b = d + 4, 0 = -3*b - b - 5*d - p. Suppose a - 3*a + 22 = b. What is the greatest common divisor of 55 and a?
11
Let p = 1678 + -1670. What is the highest common divisor of p and 584?
8
Let w(l) = -66*l - 162. Let t be w(-3). Calculate the greatest common factor of t and 324.
36
Let m(z) = -4 - 66*z - 6 + 1 - 26*z. Let v be m(-2). Calculate the highest common factor of 25 and v.
25
Let w be (-4068)/(-27) - (-6)/(-9). What is the highest common divisor of 100 and w?
50
Suppose 17*f - 161 = 468. What is the highest common divisor of 4 and f?
1
Let j = 8 - 1. Let k(q) = q**2 - 21*q - 14. Let r be k(22). Suppose -3*f + 50 = r. Calculate the greatest common factor of f and j.
7
Suppose y - 584 = -86*f + 83*f, 580 = 3*f - y. Calculate the highest common factor of f and 291.
97
Let t(o) = 11*o + 375. Let g be t(69). What is the highest common divisor of 84 and g?
42
Let g = 4404 - 2403. Calculate the highest common factor of g and 46.
23
Suppose n - 2*d - 14 = 0, -n + 0*d + 4*d = -22. Let o = -43 - -48. Let v(s) = s + 10. Let i be v(o). What is the greatest common factor of i and n?
3
Let n(c) = 38*c**2 - 7*c - 2. Let b be n(3). Calculate the highest common divisor of 29 and b.
29
Suppose 2*o - u + 4*u = 23, -o = -5*u + 21. Let i = 56 - 46. Suppose -5*h = 5*z - 80, -h - o*z + 15 = -i. What is the greatest common factor of 13 and h?
13
Suppose 0 = v - 0*v - 2*s - 23, 4*v = 5*s + 77. Suppose -2*x = 4*f - 60, f + 3*x - 18 = 2. Let t = f - v. Calculate the greatest common factor of 7 and t.
1
Suppose -79 - 9 = -2*w. Suppose -3*y + w = -2*y. Let v be 0 + -2 + 6*1. What is the greatest common divisor of y and v?
4
Let t be 5/((-20)/12) - -16 - 3. What is the highest common factor of t and 20?
10
Let o(t) = -t**2 - 8*t - 3. Let j be o(-5). Suppose 0 = -m + 5*r - 2, 0 = 31*m - 32*m - 5*r + 8. Calculate the highest common divisor of m and j.
3
Suppose -8*f + 61 + 83 = 0. What is the greatest common divisor of f and 24?
6
Let m = -18 - -24. Suppose 0 = -2*k + m*k - 48. Suppose 0 = -3*i - k, 4*i + 17 = -r + 2*r. What is the greatest common factor of r and 1?
1
Let r(n) = -n**2 + 22*n - 17. Let h be r(9). Let x = h + -86. What is the greatest common divisor of x and 154?
14
Suppose 17*z = 12*z + 20. Suppose -2*w + 33 = 5*y, -5*w = -y - 0*y - 15. Suppose 3 = x, z*k - x - 3*x = -w. What is the highest common factor of k and 4?
2
Suppose 5*o = 2*c + 8116, -3*c + 3238 = 2*o - 8*c. What is the highest common divisor of 29 and o?
29
Let n be (-2)/((-2)/(-3)) + (-42 - -8). Let w = -3 - n. What is the highest common factor of w and 272?
34
Let j(g) = 4*g + 10. Let m be j(-2). Suppose 2*o + 5*t - 52 = -m*o, 4*o = t + 76. Calculate the greatest common factor of o and 18.
18
Let l(w) = -w**3 - 3*w**2 - w + 10. Let z be l(-4). Let t = 367 - 157. Calculate the greatest common factor of z and t.
30
Let s(b) = -b**2 + 44*b - 68. Let i be s(28). Calculate the highest common factor of i and 160.
20
Suppose -322 + 16 = -6*o. Suppose -3*r - o = -171. Calculate the greatest common factor of 8 and r.
8
Suppose 22 = 2*w + 14. Let b be (-3 + w + 0)*6. Calculate the greatest common factor of 9 and b.
3
Suppose -5*r + 8 = -0*q - q, -2*q = -4*r + 4. Let z(f) = -2*f**2 - 2*f. Let v be z(q). Let o be 2/8 - 9/v. What is the highest common factor of 3 and o?
1
Let i(v) = -v**3 - 9*v**2 + 5*v + 35. Let d be i(-12). What is the highest common divisor of 74 and d?
37
Let i be (-12206)/(-340) + 2/20. What is the greatest common divisor of 12 and i?
12
Let u be (1 + 20/(-8))*(-2)/1. Suppose u*h - 111 - 6 = 0. What is the greatest common divisor of 13 and h?
13
Suppose -4*f + c = -2855, 0 = 4*f + 4*c - 1628 - 1232. Suppose -15*q - f = -18*q. What is the highest common divisor of q and 34?
34
Suppose 2*r - 10 = -2. Suppose r*b - 36 = -2*b. What is the greatest common factor of b and 36?
6
Suppose 0 = 4*y - 3*z - 1978, -3*z - 8 = z. What is the greatest common divisor of y and 58?
29
Let q be (-3)/(-9)*-2 - 100/(-6). Let i = -793 - -119. Let d be 1/(-3) + i/(-6). Calculate the greatest common divisor of q and d.
16
Let r = 125 - 33. What is the greatest common factor of r and 69?
23
Suppose -5*f + 3*w + 575 = -2*w, 109 = f - 3*w. What is the greatest common divisor of f and 2?
2
Let l(y) = -76*y + 15. Let o be l(-2). Suppose 5*x + 4*b = o, -x = b - 2*b - 28. What is the highest common factor of 31 and x?
31
Suppose 4*c + 3*u = u - 464, -3*u = -4*c - 484. Let n = c + 272. Let w(q) = q**2 + 6*q + 6. Let g be w(-8). Calculate the greatest common factor of g and n.
22
Suppose k + 285 = 4*k. Let m be ((-38)/k)/((-1)/30). Calculate the greatest common divisor of m and 84.
12
Let p(h) = -33*h**3 + 1. Let n be p(1). Let t be 48/n*(-3 + -1). Let r = t - 2. Calculate the highest common divisor of 28 and r.
4
Let k(t) = -4*t - 6. Let c be k(-5). Let x = c + -11. What is the highest common factor of 9 and x?
3
Let t(v) = 2*v**2 + 6*v + 3. Let f be t(-4). Let a = -4 + f. Let q be 66/15*(-140)/(-8). What is the greatest common factor of a and q?
7
Let d(w) = 11*w + 78. Let g be d(-6). What is the highest common divisor of 96 and g?
12
Suppose -4*z + 0*i - i = -26, -i + 19 = 3*z. Let b = 4 - 5. Let c be (-2)/(-2*b/(-7)). What is the greatest common factor of z and c?
7
Let c = 462 - 430. Calculate the highest common factor of c and 96.
32
Let w be 346/(-865)*((-117)/2 + 1). What is the greatest common divisor of w and 184?
23
Let q be 2 + 5/(-3)*31785/(-13). What is the greatest common factor of 27 and q?
27
Let p(i) = -i - 1. Let d be p(-5). Let n be (-4)/(16/d)*3/(-3). What is the greatest common factor of n and 7?
1
Let w = -278 + 445. Suppose -35 = 11*o - w. Calculate the greatest common divisor of 4 and o.
4
Suppose 3*y - 129 = -v, -5*v = -9*y + 13*y - 161. What is the highest common factor of y and 198?
22
Suppose -a + 16 = 3*w - 10, -3*w - 2*a + 25 = 0. What is the highest common divisor of w and 3?
3
Suppose 5*s - 4 = 31. Suppose 134 = -5*i + 379. What is the greatest common factor of i and s?
7
Suppose 200*a - 96*a = 97*a + 210. Let t(r) = 7*r**2 + 3*r + 3. Let m be t(3). Calculate the greatest common divisor of a and m.
15
Let m be 27992/12 - 4/6. Calculate the greatest common divisor of m and 44.
44
Let t be ((-596)/(-20) - 3) + 3/15. Let n = 0 - -8. Let u be 26/8 - 2/n. What is the highest common divisor of t and u?
3
Let l = -4849 - -7386. Calculate the highest common divisor of 43 and l.
43
Let i(o) = 11*o**2 + 29*o - 32. Let s be i(-5). Suppose -4*p = 3*j - 50, 2*p - 5*j + 13 = 51. Calculate the highest common factor of p and s.
14
Suppose -3*u = -3*z - 1338, -2*u - 4*z + 333 + 559 = 0. Suppose -14*i + 4*x = -9*i - u, -4*x = -2*i + 176. Calculate the highest common factor of 60 and i.
30
Let u = -313 - -394. Calculate the greatest common divisor of u and 153.
9
Let m be -1*(2049/(-12) - (-25)/(-20)). Calculate the greatest common divisor of m and 602.
86
Let d(n) = -2*n**3 + 22*n**2 - 18*n - 17. Let a be d(10). Suppose -3 = -4*p + 1. What is the greatest common factor of p and a?
1
Let x = 259 + -223. What is the highest common factor of 12 and x?
12
Suppose -b = -238 + 13. Let c be ((-18)/5)/((-30)/b). Let k be 978/c - (-2)/(-9). What is the highest common divisor of 54 and k?
18
